{"id":186,"date":"2014-09-11T16:23:06","date_gmt":"2014-09-11T14:23:06","guid":{"rendered":"http:\/\/www.prime.il.pw.edu.pl\/?page_id=186"},"modified":"2017-11-26T09:28:55","modified_gmt":"2017-11-26T08:28:55","slug":"inne-materialy","status":"publish","type":"page","link":"https:\/\/www.prime.il.pw.edu.pl\/?page_id=186","title":{"rendered":"Inne materia\u0142y"},"content":{"rendered":"<p>W sieci jest na pewno bardzo du\u017co ro\u017cnych materia\u0142\u00f3w dotycz\u0105cych programu MathCAD Prime 3.0 i jego wcze\u015bniejszych wersji. Czy wszystkie s\u0105 jednak w pe\u0142ni godne polecenia? \u015amiem w\u0105tpi\u0107. Z drugiej strony nie odczuwam nieodpartej potrzeby sprawdzania a potem linkowania wszystkiego na ten temat. Z czystym sumieniem mog\u0119 poleci\u0107 poni\u017csza pozycj\u0119 ksi\u0105\u017ckow\u0105. Warto za\u0142adowa\u0107 wszystkie pliki. S\u0105 one znakomitym materia\u0142em do uczenia si\u0119! (Link www.vssd.nl\/hlf\/a037.htm ju\u017c nie dzia\u0142a&#8230;)<br \/>\n<a href=\"https:\/\/community.ptc.com\/sejnu66972\/attachments\/sejnu66972\/PTCMathcadBlog\/1366\/1\/Calculate%20and%20Communicate%20with%20PTC%20Mathcad%20Prime%203.0.zip\" title=\"Calculate&#038;Communicate\" target=\"_blank\">Calculate &#038; Communicate with Mathcad Prime<\/a><\/p>\n","protected":false},"excerpt":{"rendered":"<p>W sieci jest na pewno bardzo du\u017co ro\u017cnych materia\u0142\u00f3w dotycz\u0105cych programu MathCAD Prime 3.0 i jego wcze\u015bniejszych wersji. Czy wszystkie s\u0105 jednak w pe\u0142ni godne polecenia? \u015amiem w\u0105tpi\u0107. Z drugiej strony nie odczuwam nieodpartej potrzeby sprawdzania a potem linkowania wszystkiego na ten temat. Z czystym sumieniem mog\u0119 poleci\u0107 poni\u017csza pozycj\u0119 ksi\u0105\u017ckow\u0105. Warto za\u0142adowa\u0107 wszystkie pliki. &hellip; <\/p>\n<p class=\"link-more\"><a href=\"https:\/\/www.prime.il.pw.edu.pl\/?page_id=186\" class=\"more-link\">Czytaj dalej<span class=\"screen-reader-text\"> \u201eInne materia\u0142y\u201d<\/span><\/a><\/p>\n","protected":false},"author":1,"featured_media":0,"parent":7,"menu_order":2,"comment_status":"open","ping_status":"open","template":"","meta":{"_exactmetrics_skip_tracking":false,"_exactmetrics_sitenote_active":false,"_exactmetrics_sitenote_note":"","_exactmetrics_sitenote_category":0,"footnotes":""},"_links":{"self":[{"href":"https:\/\/www.prime.il.pw.edu.pl\/index.php?rest_route=\/wp\/v2\/pages\/186"}],"collection":[{"href":"https:\/\/www.prime.il.pw.edu.pl\/index.php?rest_route=\/wp\/v2\/pages"}],"about":[{"href":"https:\/\/www.prime.il.pw.edu.pl\/index.php?rest_route=\/wp\/v2\/types\/page"}],"author":[{"embeddable":true,"href":"https:\/\/www.prime.il.pw.edu.pl\/index.php?rest_route=\/wp\/v2\/users\/1"}],"replies":[{"embeddable":true,"href":"https:\/\/www.prime.il.pw.edu.pl\/index.php?rest_route=%2Fwp%2Fv2%2Fcomments&post=186"}],"version-history":[{"count":4,"href":"https:\/\/www.prime.il.pw.edu.pl\/index.php?rest_route=\/wp\/v2\/pages\/186\/revisions"}],"predecessor-version":[{"id":706,"href":"https:\/\/www.prime.il.pw.edu.pl\/index.php?rest_route=\/wp\/v2\/pages\/186\/revisions\/706"}],"up":[{"embeddable":true,"href":"https:\/\/www.prime.il.pw.edu.pl\/index.php?rest_route=\/wp\/v2\/pages\/7"}],"wp:attachment":[{"href":"https:\/\/www.prime.il.pw.edu.pl\/index.php?rest_route=%2Fwp%2Fv2%2Fmedia&parent=186"}],"curies":[{"name":"wp","href":"https:\/\/api.w.org\/{rel}","templated":true}]}}