{"id":387,"date":"2015-01-07T08:18:57","date_gmt":"2015-01-07T07:18:57","guid":{"rendered":"http:\/\/www.prime.il.pw.edu.pl\/?page_id=387"},"modified":"2015-12-29T09:03:50","modified_gmt":"2015-12-29T08:03:50","slug":"solve-block","status":"publish","type":"page","link":"https:\/\/www.prime.il.pw.edu.pl\/?page_id=387","title":{"rendered":"Fiszki i test 07"},"content":{"rendered":"<p>[qdeck style=\u201dwidth: 550px; height: 250px; border: 4px solid DodgerBlue;\u201d random=&#8221;true&#8221;]<br \/>\nKliknij na \u2018Check answer\u2019 aby zobaczy\u0107 odpowied\u017a.<br \/>\nDla b\u0142\u0119dnej odpowiedzi kliknij na \u2018Need more practice\u2019.<br \/>\nFiszka  pow\u0119druje w\u00f3wczas na koniec.<br \/>\nJe\u015bli odpowied\u017a by\u0142a poprawna kliknij na \u2018Got it\u2019.<br \/>\nPrzycisk \u2018Shuffle\u2019 pozwala na tasowanie fiszek.<\/p>\n<p>[start]<\/p>\n<p>[q] Funkcja CWD jest u\u017cywana do<br \/>\n[a]    wy\u015bwietlania i zmiany bie\u017c\u0105cego katalogu roboczego<\/p>\n<p>[q] Funkcje u\u017cywane do czytania danych z pliku to<br \/>\n[a]    READFILE i READPRN<\/p>\n<p>[q] Funkcje wykorzystywane do zapisywania danych do pliku to<br \/>\n[a]    WRITEFILE i WRITEPRN<\/p>\n<p>[\/qdeck]<\/p>\n<p>.<\/p>\n<p>.<br \/>\n[qwiz style=\u201dwidth: 550px; min-height: 0px; border: 4px solid DodgerBlue;\u201d]<\/p>\n<p>[q] Funkcja CWD jest u\u017cywana do<br \/>\n[c*]    wy\u015bwietlania i zmiany bie\u017c\u0105cego katalogu roboczego<br \/>\n[c]    tylko do zmiany zmiany bie\u017c\u0105cego katalogu roboczego<br \/>\n[c]    tylko do wy\u015bwietlenia zmiany bie\u017c\u0105cego katalogu roboczego<br \/>\n[c]    wszystkie odpowiedzi s\u0105 b\u0142edne<\/p>\n<p>[q] Funkcje u\u017cywane do czytania danych z pliku to<br \/>\n[c*]    READFILE i READPRN<br \/>\n[c]    readfile i readprn<br \/>\n[c]    Readfile i Readprn<br \/>\n[c]    ReadFile i ReadPrn<\/p>\n<p>[q] Funkcje wykorzystywane do zapisywania danych do pliku to<br \/>\n[c*]    WRITEFILE i WRITEPRN<br \/>\n[c]    writefile i writeprn<br \/>\n[c]    Writefila i Writeprn<br \/>\n[c]    WriteFile i WritePrn<\/p>\n<p>[\/qwiz]<\/p>\n","protected":false},"excerpt":{"rendered":"<p>[qdeck style=\u201dwidth: 550px; height: 250px; border: 4px solid DodgerBlue;\u201d random=&#8221;true&#8221;] Kliknij na \u2018Check answer\u2019 aby zobaczy\u0107 odpowied\u017a. Dla b\u0142\u0119dnej odpowiedzi kliknij na \u2018Need more practice\u2019. Fiszka pow\u0119druje w\u00f3wczas na koniec. Je\u015bli odpowied\u017a by\u0142a poprawna kliknij na \u2018Got it\u2019. Przycisk \u2018Shuffle\u2019 pozwala na tasowanie fiszek. [start] [q] Funkcja CWD jest u\u017cywana do [a] wy\u015bwietlania i zmiany &hellip; <\/p>\n<p class=\"link-more\"><a href=\"https:\/\/www.prime.il.pw.edu.pl\/?page_id=387\" class=\"more-link\">Czytaj dalej<span class=\"screen-reader-text\"> \u201eFiszki i test 07\u201d<\/span><\/a><\/p>\n","protected":false},"author":1,"featured_media":0,"parent":52,"menu_order":2,"comment_status":"open","ping_status":"open","template":"","meta":{"_exactmetrics_skip_tracking":false,"_exactmetrics_sitenote_active":false,"_exactmetrics_sitenote_note":"","_exactmetrics_sitenote_category":0,"footnotes":""},"_links":{"self":[{"href":"https:\/\/www.prime.il.pw.edu.pl\/index.php?rest_route=\/wp\/v2\/pages\/387"}],"collection":[{"href":"https:\/\/www.prime.il.pw.edu.pl\/index.php?rest_route=\/wp\/v2\/pages"}],"about":[{"href":"https:\/\/www.prime.il.pw.edu.pl\/index.php?rest_route=\/wp\/v2\/types\/page"}],"author":[{"embeddable":true,"href":"https:\/\/www.prime.il.pw.edu.pl\/index.php?rest_route=\/wp\/v2\/users\/1"}],"replies":[{"embeddable":true,"href":"https:\/\/www.prime.il.pw.edu.pl\/index.php?rest_route=%2Fwp%2Fv2%2Fcomments&post=387"}],"version-history":[{"count":8,"href":"https:\/\/www.prime.il.pw.edu.pl\/index.php?rest_route=\/wp\/v2\/pages\/387\/revisions"}],"predecessor-version":[{"id":655,"href":"https:\/\/www.prime.il.pw.edu.pl\/index.php?rest_route=\/wp\/v2\/pages\/387\/revisions\/655"}],"up":[{"embeddable":true,"href":"https:\/\/www.prime.il.pw.edu.pl\/index.php?rest_route=\/wp\/v2\/pages\/52"}],"wp:attachment":[{"href":"https:\/\/www.prime.il.pw.edu.pl\/index.php?rest_route=%2Fwp%2Fv2%2Fmedia&parent=387"}],"curies":[{"name":"wp","href":"https:\/\/api.w.org\/{rel}","templated":true}]}}