{"id":543,"date":"2015-12-28T11:54:30","date_gmt":"2015-12-28T10:54:30","guid":{"rendered":"http:\/\/www.prime.il.pw.edu.pl\/?page_id=543"},"modified":"2015-12-29T08:41:01","modified_gmt":"2015-12-29T07:41:01","slug":"test-02","status":"publish","type":"page","link":"https:\/\/www.prime.il.pw.edu.pl\/?page_id=543","title":{"rendered":"Fiszki i test 05"},"content":{"rendered":"<p><strong>Fiszki<\/strong><br \/>\n[qdeck style=\u201dwidth: 550px; height: 250px; border: 4px solid DodgerBlue;\u201d random=&#8221;true&#8221;]<br \/>\nKliknij na \u2018Check answer\u2019 aby zobaczy\u0107 odpowied\u017a.<br \/>\nJe\u015bli odpowied\u017a by\u0142a b\u0142\u0119dna kliknij na \u2018Need more practice\u2019.<br \/>\nFiszka  pow\u0119druje w\u00f3wczas na koniec. .<br \/>\nJe\u015bli odpowied\u017a by\u0142a poprawna kliknij na \u2018Got it\u2019.<br \/>\nPrzycisk \u2018Shuffle\u2019 pozwala na tasowanie fiszek.<\/p>\n<p>[start]<\/p>\n<p>[q] Aby roz\u0142o\u017cy\u0107 wyra\u017cenie na u\u0142amki proste u\u017cywamy polecenia<br \/>\n[a]    parfrac<\/p>\n<p>[q] Do rozk\u0142adu wyra\u017cenia na czynniki s\u0142u\u017cy polecenie<br \/>\n[a]    factor<\/p>\n<p>[q] Do rozwijania funkcji w szereg s\u0142u\u017cy polecenie<br \/>\n[a]    series<\/p>\n<p>[q] Do wyznaczania wsp\u00f3\u0142czynnik\u00f3w wielomianu s\u0142u\u017cy polecenie<br \/>\n[a]    coeffs<\/p>\n<p>[q] Obliczenia symboliczne uruchamiamy za pomoc\u0105<br \/>\n[a]    Ctrl .<\/p>\n<p>[q] W celu rozwini\u0119cia wyra\u017cenia nale\u017cy u\u017cy\u0107 polecenia<br \/>\n[a]    expand<\/p>\n<p>[q] W obliczeniach symbolicznych podstawienie umo\u017cliwia polecenie<br \/>\n[a]    substititute<\/p>\n<p>[q] W programie Prime do symbolicznego rozwi\u0105zywania r\u00f3wna\u0144 i nier\u00f3wno\u015bci s\u0142u\u017cy polecenie<br \/>\n[a]    solve<\/p>\n<p>[q] Wydzielenie wsp\u00f3lnego czynnika umo\u017cliwia polecenie<br \/>\n[a]    collect<\/p>\n<p>[\/qdeck]<\/p>\n<p><\/p>\n<p><strong>Test<\/strong><br \/>\n[qwiz style=\u201dwidth: 550px; min-height: 0px; border: 4px solid DodgerBlue;\u201d]<\/p>\n<p>[q] Aby roz\u0142o\u017cy\u0107 wyra\u017cenie na u\u0142amki proste u\u017cywamy polecenia<br \/>\n[c*]    parfrac<br \/>\n[c]    partialfraction<br \/>\n[c]    parfractions<br \/>\n[c]    partialfrac<\/p>\n<p>[q] Do rozk\u0142adu wyra\u017cenia na czynniki s\u0142u\u017cy polecenie<br \/>\n[c*]    factor<br \/>\n[c]    factorization<br \/>\n[c]    expand<br \/>\n[c]    expansion<\/p>\n<p>[q] Do rozwijania funkcji w szereg s\u0142u\u017cy polecenie<br \/>\n[c*]    series<br \/>\n[c]    taylor<br \/>\n[c]    maclaurin<br \/>\n[c]    expand<\/p>\n<p>[q] Do wyznaczania wsp\u00f3\u0142czynnik\u00f3w wielomianu s\u0142u\u017cy polecenie<br \/>\n[c*]    coeffs<br \/>\n[c]    coefficients<br \/>\n[c]    polynomial<br \/>\n[c]    polycoeffs<\/p>\n<p>[q] Obliczenia symboliczne uruchamiamy za pomoc\u0105<br \/>\n[c*]    Ctrl .<br \/>\n[c]    Ctrl =<br \/>\n[c]    Ctrl :<br \/>\n[c]    Alt .<\/p>\n<p>[q] W celu rozwini\u0119cia wyra\u017cenia nale\u017cy u\u017cy\u0107 polecenia<br \/>\n[c*]    expand<br \/>\n[c]    expansion<br \/>\n[c]    factor<br \/>\n[c]    factorization<\/p>\n<p>[q] W obliczeniach symbolicznych podstawienie umo\u017cliwia polecenie<br \/>\n[c*]    substititute<br \/>\n[c]    subst<br \/>\n[c]    substitution<br \/>\n[c]    substit<\/p>\n<p>[q] W programie Prime do symbolicznego rozwi\u0105zywania r\u00f3wna\u0144 i nier\u00f3wno\u015bci s\u0142u\u017cy polecenie<br \/>\n[c*]    solve<br \/>\n[c]    solver<br \/>\n[c]    solution<br \/>\n[c]    solving<\/p>\n<p>[q] Wydzielenie wsp\u00f3lnego czynnika umo\u017cliwia polecenie<br \/>\n[c*]    collect<br \/>\n[c]    collection<br \/>\n[c]    common<br \/>\n[c]    commcoll<\/p>\n<p>[\/qwiz]<\/p>\n","protected":false},"excerpt":{"rendered":"<p>Fiszki [qdeck style=\u201dwidth: 550px; height: 250px; border: 4px solid DodgerBlue;\u201d random=&#8221;true&#8221;] Kliknij na \u2018Check answer\u2019 aby zobaczy\u0107 odpowied\u017a. Je\u015bli odpowied\u017a by\u0142a b\u0142\u0119dna kliknij na \u2018Need more practice\u2019. Fiszka pow\u0119druje w\u00f3wczas na koniec. . Je\u015bli odpowied\u017a by\u0142a poprawna kliknij na \u2018Got it\u2019. Przycisk \u2018Shuffle\u2019 pozwala na tasowanie fiszek. [start] [q] Aby roz\u0142o\u017cy\u0107 wyra\u017cenie na u\u0142amki proste &hellip; <\/p>\n<p class=\"link-more\"><a href=\"https:\/\/www.prime.il.pw.edu.pl\/?page_id=543\" class=\"more-link\">Czytaj dalej<span class=\"screen-reader-text\"> \u201eFiszki i test 05\u201d<\/span><\/a><\/p>\n","protected":false},"author":1,"featured_media":0,"parent":42,"menu_order":2,"comment_status":"open","ping_status":"open","template":"","meta":{"_exactmetrics_skip_tracking":false,"_exactmetrics_sitenote_active":false,"_exactmetrics_sitenote_note":"","_exactmetrics_sitenote_category":0,"footnotes":""},"_links":{"self":[{"href":"https:\/\/www.prime.il.pw.edu.pl\/index.php?rest_route=\/wp\/v2\/pages\/543"}],"collection":[{"href":"https:\/\/www.prime.il.pw.edu.pl\/index.php?rest_route=\/wp\/v2\/pages"}],"about":[{"href":"https:\/\/www.prime.il.pw.edu.pl\/index.php?rest_route=\/wp\/v2\/types\/page"}],"author":[{"embeddable":true,"href":"https:\/\/www.prime.il.pw.edu.pl\/index.php?rest_route=\/wp\/v2\/users\/1"}],"replies":[{"embeddable":true,"href":"https:\/\/www.prime.il.pw.edu.pl\/index.php?rest_route=%2Fwp%2Fv2%2Fcomments&post=543"}],"version-history":[{"count":13,"href":"https:\/\/www.prime.il.pw.edu.pl\/index.php?rest_route=\/wp\/v2\/pages\/543\/revisions"}],"predecessor-version":[{"id":646,"href":"https:\/\/www.prime.il.pw.edu.pl\/index.php?rest_route=\/wp\/v2\/pages\/543\/revisions\/646"}],"up":[{"embeddable":true,"href":"https:\/\/www.prime.il.pw.edu.pl\/index.php?rest_route=\/wp\/v2\/pages\/42"}],"wp:attachment":[{"href":"https:\/\/www.prime.il.pw.edu.pl\/index.php?rest_route=%2Fwp%2Fv2%2Fmedia&parent=543"}],"curies":[{"name":"wp","href":"https:\/\/api.w.org\/{rel}","templated":true}]}}