{"id":84,"date":"2014-07-16T08:49:46","date_gmt":"2014-07-16T06:49:46","guid":{"rendered":"http:\/\/www.prime.il.pw.edu.pl\/?page_id=84"},"modified":"2020-07-02T18:27:45","modified_gmt":"2020-07-02T16:27:45","slug":"a-z","status":"publish","type":"page","link":"https:\/\/www.prime.il.pw.edu.pl\/?page_id=84","title":{"rendered":"+"},"content":{"rendered":"<p>12. Dodatki . 196<br \/>\n12.1. Skr\u00f3ty klawiaturowe . 196<br \/>\n12.1.1. Zarz\u0105dzanie programem . 196<br \/>\n12.1.2. Edycja . 197<br \/>\n12.1.3. Wstawianie element\u00f3w i region\u00f3w . 197<br \/>\n12.1.4. Operatory \u2013 przybornik Algebra . 198<br \/>\n12.1.5. Operatory \u2013 przybornik Calculus . 198<br \/>\n12.1.6. Operatory \u2013 przybornik Comparison . 199<br \/>\n12.1.7. Operatory \u2013 przybornik Definition and Evaluation . 199<br \/>\n12.1.8. Operatory \u2013 przybornik Engineering . 199<br \/>\n12.1.9. Operatory \u2013 przybornik Vector and Matrix . 200<br \/>\n12.1.10. Litery greckie . 200<br \/>\n12.2. Wybrane funkcje . 201<br \/>\n12.2.1. Liczby zespolone . 201<br \/>\n12.2.2. Dopasowanie krzywych . 201<br \/>\n12.2.3. Funkcje hiperboliczne . 202<br \/>\n12.2.4 Funkcje logarytmiczne i wyk\u0142adnicze . 203<br \/>\n12.2.5. Teoria liczb . 203<br \/>\n12.2.6 Funkcje rozwi\u0105zywania . 203<br \/>\n12.2.7. Funkcje trygonometryczne . 204<br \/>\n12.2.8. Funkcje macierzowe . 204<br \/>\n12.3. Jednostki . 205<br \/>\n12.3.1. Przyspieszenie . 206<br \/>\n12.3.2. Aktywno\u015b\u0107 promieniotw\u00f3rcza . 206<br \/>\n12.3.3. Miara k\u0105ta . 206<br \/>\n12.3.4. Obszar . 206<br \/>\n12.3.5. Pojemno\u015b\u0107 elektryczna . 206<br \/>\n12.3.6. Aktywno\u015b\u0107 enzymatyczna . 207<br \/>\n12.3.7. \u0141adunek elektryczny . 207<br \/>\n12.3.8. Przewodno\u015b\u0107 elektryczna . 207<br \/>\n12.3.9. Nat\u0119\u017cenie pr\u0105du elektrycznego . 207<br \/>\n12.3.10. Dawka r\u00f3wnowa\u017c\u0105ca . 208<br \/>\n12.3.11. Energia . 208<br \/>\n12.3.12. Wska\u017aniki przep\u0142ywu . 208<br \/>\n12.3.13. Si\u0142a . 209<br \/>\n12.3.14. G\u0119sto\u015b\u0107 . 209<br \/>\n12.3.15. Oddzia\u0142ywanie na d\u0142ugo\u015b\u0107 . 209<br \/>\n12.3.16. Cz\u0119stotliwo\u015b\u0107 . 210<br \/>\n12.3.17. \u015awiat\u0142o . 210<br \/>\n12.3.18. Indukcyjno\u015b\u0107 . 210<br \/>\n12.3.19. D\u0142ugo\u015b\u0107 . 210<br \/>\n12.3.20. Intensywno\u015b\u0107 \u015bwiat\u0142a . 211<br \/>\n12.3.21. Nat\u0119\u017cenie pola magnetycznego .  211<br \/>\n12.3.22. Strumie\u0144 magnetyczny . 211<br \/>\n12.3.23. Indukcja magnetyczna . 211<br \/>\n12.3.24.\tMasa . 212<br \/>\n12.3.25. Pieni\u0105dze . 212<br \/>\n12.3.26. Przenikalno\u015b\u0107 elektryczna . 212<br \/>\n12.3.27. Potencja\u0142 . 212<br \/>\n12.3.28. Moc . 213<br \/>\n12.3.29. Ci\u015bnienie . 213<br \/>\n12.3.30. Rezystancja . 214<br \/>\n12.3.31. Rozdzielczo\u015b\u0107 . 214<br \/>\n12.3.32. Liczno\u015b\u0107 materii . 214<br \/>\n12.3.33. Temperatura . 214<br \/>\n12.3.34. Czas . 215<br \/>\n12.3.35. Moment obrotowy . 215<br \/>\n12.3.36. Pr\u0119dko\u015b\u0107 . 216<br \/>\n12.3.37. Lepko\u015b\u0107 dynamiczna . 216<br \/>\n12.3.38. Obj\u0119to\u015b\u0107 . 216<br \/>\n12.4. Predefiniowane zmienne i sta\u0142e . 216<br \/>\n12.4.1. Sta\u0142e matematyczne . 218<br \/>\n12.4.2. Sta\u0142e fizyczne . 218<\/p>\n","protected":false},"excerpt":{"rendered":"<p>12. Dodatki . 196 12.1. Skr\u00f3ty klawiaturowe . 196 12.1.1. Zarz\u0105dzanie programem . 196 12.1.2. Edycja . 197 12.1.3. Wstawianie element\u00f3w i region\u00f3w . 197 12.1.4. Operatory \u2013 przybornik Algebra . 198 12.1.5. Operatory \u2013 przybornik Calculus . 198 12.1.6. Operatory \u2013 przybornik Comparison . 199 12.1.7. Operatory \u2013 przybornik Definition and Evaluation . 199 &hellip; <\/p>\n<p class=\"link-more\"><a href=\"https:\/\/www.prime.il.pw.edu.pl\/?page_id=84\" class=\"more-link\">Czytaj dalej<span class=\"screen-reader-text\"> \u201e+\u201d<\/span><\/a><\/p>\n","protected":false},"author":1,"featured_media":0,"parent":0,"menu_order":0,"comment_status":"open","ping_status":"open","template":"","meta":{"_exactmetrics_skip_tracking":false,"_exactmetrics_sitenote_active":false,"_exactmetrics_sitenote_note":"","_exactmetrics_sitenote_category":0,"footnotes":""},"_links":{"self":[{"href":"https:\/\/www.prime.il.pw.edu.pl\/index.php?rest_route=\/wp\/v2\/pages\/84"}],"collection":[{"href":"https:\/\/www.prime.il.pw.edu.pl\/index.php?rest_route=\/wp\/v2\/pages"}],"about":[{"href":"https:\/\/www.prime.il.pw.edu.pl\/index.php?rest_route=\/wp\/v2\/types\/page"}],"author":[{"embeddable":true,"href":"https:\/\/www.prime.il.pw.edu.pl\/index.php?rest_route=\/wp\/v2\/users\/1"}],"replies":[{"embeddable":true,"href":"https:\/\/www.prime.il.pw.edu.pl\/index.php?rest_route=%2Fwp%2Fv2%2Fcomments&post=84"}],"version-history":[{"count":3,"href":"https:\/\/www.prime.il.pw.edu.pl\/index.php?rest_route=\/wp\/v2\/pages\/84\/revisions"}],"predecessor-version":[{"id":720,"href":"https:\/\/www.prime.il.pw.edu.pl\/index.php?rest_route=\/wp\/v2\/pages\/84\/revisions\/720"}],"wp:attachment":[{"href":"https:\/\/www.prime.il.pw.edu.pl\/index.php?rest_route=%2Fwp%2Fv2%2Fmedia&parent=84"}],"curies":[{"name":"wp","href":"https:\/\/api.w.org\/{rel}","templated":true}]}}